{"id":2,"date":"2023-03-21T12:28:39","date_gmt":"2023-03-21T12:28:39","guid":{"rendered":"https:\/\/ali.homeswitch.pl\/?page_id=2"},"modified":"2023-10-27T19:26:05","modified_gmt":"2023-10-27T17:26:05","slug":"sample-page","status":"publish","type":"page","link":"https:\/\/ali.homeswitch.pl\/?page_id=2","title":{"rendered":"Regulamin"},"content":{"rendered":"<p><strong>Regulamin Strony z Linkami Afiliacyjnymi<\/strong><\/p>\n<ol>\n<li>\n<p><strong>Definicje<\/strong><\/p>\n<ul>\n<li><strong>Strona<\/strong>: https:\/\/ali.homeswitch.pl\/<\/li>\n<li><strong>U\u017cytkownik<\/strong>: Osoba odwiedzaj\u0105ca Stron\u0119.<\/li>\n<li><strong>Linki afiliacyjne<\/strong>: Linki prowadz\u0105ce do produkt\u00f3w lub us\u0142ug, za kt\u00f3rych polecenie W\u0142a\u015bciciel serwisu mo\u017ce uzyska\u0107 prowizj\u0119.<\/li>\n<\/ul>\n<\/li>\n<li>\n<p><strong>Zakres Regulaminu<\/strong> Niniejszy regulamin okre\u015bla zasady korzystania ze Strony zawieraj\u0105cej linki afiliacyjne.<\/p>\n<\/li>\n<li>\n<p><strong>Linki afiliacyjne<\/strong><\/p>\n<ul>\n<li>Strona zawiera linki afiliacyjne.<\/li>\n<li>Je\u015bli U\u017cytkownik dokona zakupu lub zarejestruje si\u0119 w serwisie poprzez klikni\u0119cie link afiliacyjny, W\u0142a\u015bciciel serwisu mo\u017ce uzyska\u0107 prowizj\u0119.<\/li>\n<li>Korzystanie z link\u00f3w afiliacyjnych przez U\u017cytkownika jest dobrowolne.<\/li>\n<li>Cena produktu lub us\u0142ugi dla U\u017cytkownika nie ulega zmianie niezale\u017cnie od tego, czy korzysta\u0142 z linku afiliacyjnego.<\/li>\n<\/ul>\n<\/li>\n<li>\n<p><strong>Odpowiedzialno\u015b\u0107<\/strong><\/p>\n<ul>\n<li>Strona nie ponosi odpowiedzialno\u015bci za tre\u015b\u0107, jako\u015b\u0107 ani dost\u0119pno\u015b\u0107 produkt\u00f3w lub us\u0142ug, do kt\u00f3rych prowadz\u0105 linki afiliacyjne.<\/li>\n<li>Wszelkie reklamacje zwi\u0105zane z produktami lub us\u0142ugami nabytymi za po\u015brednictwem link\u00f3w afiliacyjnych powinny by\u0107 kierowane bezpo\u015brednio do dostawcy produktu lub us\u0142ugi.<\/li>\n<\/ul>\n<\/li>\n<li>\n<p><strong>Prywatno\u015b\u0107<\/strong><\/p>\n<ul>\n<li>Strona przestrzega zasad ochrony danych osobowych. Wi\u0119cej informacji na temat przetwarzania danych osobowych mo\u017cna znale\u017a\u0107 w Polityce Prywatno\u015bci Strony.<\/li>\n<\/ul>\n<\/li>\n<li>\n<p><strong>Zmiany w Regulaminie<\/strong><\/p>\n<ul>\n<li>Strona zastrzega sobie prawo do wprowadzania zmian w niniejszym regulaminie w dowolnym momencie. U\u017cytkownicy zostan\u0105 powiadomieni o wszelkich istotnych zmianach.<\/li>\n<\/ul>\n<\/li>\n<li>\n<p><strong>Kontakt<\/strong><\/p>\n<ul>\n<li>W przypadku pyta\u0144 dotycz\u0105cych niniejszego regulaminu prosimy o kontakt pod adresem: kontakt@homeswitch.pl.<\/li>\n<\/ul>\n<\/li>\n<\/ol>\n","protected":false},"excerpt":{"rendered":"<p>Regulamin Strony z Linkami Afiliacyjnymi Definicje Strona: https:\/\/ali.homeswitch.pl\/ U\u017cytkownik: Osoba odwiedzaj\u0105ca Stron\u0119. Linki afiliacyjne: Linki prowadz\u0105ce do produkt\u00f3w lub us\u0142ug, za kt\u00f3rych polecenie W\u0142a\u015bciciel serwisu mo\u017ce uzyska\u0107 prowizj\u0119. Zakres Regulaminu Niniejszy regulamin okre\u015bla zasady korzystania ze Strony zawieraj\u0105cej linki afiliacyjne. Linki afiliacyjne Strona zawiera linki afiliacyjne. Je\u015bli U\u017cytkownik dokona zakupu lub zarejestruje si\u0119 w serwisie [&hellip;]<\/p>\n","protected":false},"author":1,"featured_media":0,"parent":0,"menu_order":0,"comment_status":"closed","ping_status":"open","template":"","meta":{"footnotes":""},"class_list":["post-2","page","type-page","status-publish","hentry"],"_links":{"self":[{"href":"https:\/\/ali.homeswitch.pl\/index.php?rest_route=\/wp\/v2\/pages\/2","targetHints":{"allow":["GET"]}}],"collection":[{"href":"https:\/\/ali.homeswitch.pl\/index.php?rest_route=\/wp\/v2\/pages"}],"about":[{"href":"https:\/\/ali.homeswitch.pl\/index.php?rest_route=\/wp\/v2\/types\/page"}],"author":[{"embeddable":true,"href":"https:\/\/ali.homeswitch.pl\/index.php?rest_route=\/wp\/v2\/users\/1"}],"replies":[{"embeddable":true,"href":"https:\/\/ali.homeswitch.pl\/index.php?rest_route=%2Fwp%2Fv2%2Fcomments&post=2"}],"version-history":[{"count":2,"href":"https:\/\/ali.homeswitch.pl\/index.php?rest_route=\/wp\/v2\/pages\/2\/revisions"}],"predecessor-version":[{"id":956,"href":"https:\/\/ali.homeswitch.pl\/index.php?rest_route=\/wp\/v2\/pages\/2\/revisions\/956"}],"wp:attachment":[{"href":"https:\/\/ali.homeswitch.pl\/index.php?rest_route=%2Fwp%2Fv2%2Fmedia&parent=2"}],"curies":[{"name":"wp","href":"https:\/\/api.w.org\/{rel}","templated":true}]}}