{"id":3,"date":"2023-03-21T12:28:39","date_gmt":"2023-03-21T12:28:39","guid":{"rendered":"https:\/\/ali.homeswitch.pl\/?page_id=3"},"modified":"2023-10-27T19:26:48","modified_gmt":"2023-10-27T17:26:48","slug":"privacy-policy","status":"publish","type":"page","link":"https:\/\/ali.homeswitch.pl\/?page_id=3","title":{"rendered":"Polityka Prywatno\u015bci"},"content":{"rendered":"\r\n<p><strong>Kim jeste\u015bmy<\/strong><\/p>\r\n<p>Nasz adres strony internetowej to: <a href=\"https:\/\/ali.homeswitch.pl\/\" target=\"_new\" rel=\"noopener\">https:\/\/ali.homeswitch.pl<\/a>.<\/p>\r\n<p><strong>Komentarze<\/strong><\/p>\r\n<p>Gdy odwiedzaj\u0105cy zostawiaj\u0105 komentarze na stronie, zbieramy dane wy\u015bwietlane w formularzu komentarza, a tak\u017ce adres IP odwiedzaj\u0105cego i ci\u0105g agenta u\u017cytkownika przegl\u0105darki w celu wykrywania spamu.<\/p>\r\n<p>Zanonimizowany ci\u0105g stworzony z Twojego adresu e-mail (nazywany r\u00f3wnie\u017c hashem) mo\u017ce by\u0107 dostarczony do us\u0142ugi Gravatar, aby sprawdzi\u0107, czy z niej korzystasz. Polityka prywatno\u015bci us\u0142ugi Gravatar jest dost\u0119pna tutaj: <a href=\"https:\/\/automattic.com\/privacy\/\" target=\"_new\" rel=\"noopener\">https:\/\/automattic.com\/privacy\/<\/a>. Po zatwierdzeniu Twojego komentarza, Tw\u00f3j obrazek profilowy jest widoczny publicznie w kontek\u015bcie Twojego komentarza.<\/p>\r\n<p><strong>Media<\/strong><\/p>\r\n<p>Je\u015bli przesy\u0142asz obrazy na stron\u0119 internetow\u0105, powiniene\u015b unika\u0107 przesy\u0142ania obraz\u00f3w ze wbudowanymi danymi lokalizacji (EXIF GPS). Odwiedzaj\u0105cy stron\u0119 mog\u0105 pobiera\u0107 i wyodr\u0119bnia\u0107 wszelkie dane lokalizacyjne z obraz\u00f3w na stronie.<\/p>\r\n<p><strong>Ciasteczka (Cookies)<\/strong><\/p>\r\n<p>Je\u015bli zostawisz komentarz na naszej stronie, mo\u017cesz zgodzi\u0107 si\u0119 na zapisanie w ciasteczkach Twojego imienia, adresu e-mail i strony internetowej. S\u0142u\u017c\u0105 one Twojej wygodzie, dzi\u0119ki czemu nie musisz ponownie wprowadza\u0107 swoich danych, gdy zostawisz kolejny komentarz. Te ciasteczka b\u0119d\u0105 przechowywane przez rok.<\/p>\r\n<p>Je\u015bli odwiedzisz nasz\u0105 stron\u0119 logowania, ustawimy tymczasowe ciasteczko, aby sprawdzi\u0107, czy Twoja przegl\u0105darka akceptuje ciasteczka. To ciasteczko nie zawiera danych osobowych i jest odrzucane, gdy zamkniesz przegl\u0105dark\u0119.<\/p>\r\n<p>Gdy si\u0119 zalogujesz, ustawimy tak\u017ce kilka ciasteczek, aby zapisa\u0107 informacje o Twoim logowaniu i wyborach wy\u015bwietlania ekranu. Ciasteczka logowania trwaj\u0105 dwa dni, a ciasteczka opcji ekranu trwaj\u0105 rok. Je\u015bli wybierzesz &#8222;Zapami\u0119taj mnie&#8221;, Twoje logowanie b\u0119dzie trwa\u0142o przez dwa tygodnie. Je\u015bli wylogujesz si\u0119 z konta, ciasteczka logowania zostan\u0105 usuni\u0119te.<\/p>\r\n<p>Je\u015bli edytujesz lub publikujesz artyku\u0142, w Twojej przegl\u0105darce zostanie zapisane dodatkowe ciasteczko. To ciasteczko nie zawiera danych osobowych i wskazuje jedynie identyfikator ID artyku\u0142u, kt\u00f3ry w\u0142a\u015bnie edytowa\u0142e\u015b. Wygasa po 1 dniu.<\/p>\r\n<p><strong>Tre\u015b\u0107 osadzona z innych stron internetowych<\/strong><\/p>\r\n<p>Artyku\u0142y na tej stronie mog\u0105 zawiera\u0107 osadzon\u0105 tre\u015b\u0107 (np. filmy, obrazy, artyku\u0142y itp.). Osadzona tre\u015b\u0107 z innych stron internetowych zachowuje si\u0119 dok\u0142adnie tak samo, jakby odwiedzaj\u0105cy odwiedzi\u0142 inn\u0105 stron\u0119.<\/p>\r\n<p>Te strony mog\u0105 zbiera\u0107 dane o Tobie, u\u017cywa\u0107 ciasteczek, osadza\u0107 dodatkowe \u015bledzenie stron trzecich i monitorowa\u0107 Twoj\u0105 interakcj\u0119 z t\u0105 osadzon\u0105 tre\u015bci\u0105, w tym \u015bledzenie Twojej interakcji z osadzon\u0105 tre\u015bci\u0105, je\u015bli masz konto i jeste\u015b zalogowany na tej stronie.<\/p>\r\n<p><strong>Z kim dzielimy si\u0119 Twoimi danymi<\/strong><\/p>\r\n<p>Je\u015bli poprosisz o resetowanie has\u0142a, Tw\u00f3j adres IP zostanie uwzgl\u0119dniony w e-mailu resetuj\u0105cym.<\/p>\r\n<p><strong>Jak d\u0142ugo przechowujemy Twoje dane<\/strong><\/p>\r\n<p>Je\u015bli zostawisz komentarz, komentarz i jego metadane s\u0105 przechowywane na sta\u0142e. Dzi\u0119ki temu mo\u017cemy rozpoznawa\u0107 i zatwierdza\u0107 kolejne komentarze automatycznie, zamiast trzyma\u0107 je w kolejce moderacji.<\/p>\r\n<p>Dla u\u017cytkownik\u00f3w, kt\u00f3rzy rejestruj\u0105 si\u0119 na naszej stronie (je\u015bli s\u0105 tacy), przechowujemy tak\u017ce osobiste informacje, kt\u00f3re podaj\u0105 w swoim profilu u\u017cytkownika. Wszyscy u\u017cytkownicy mog\u0105 zobaczy\u0107, edytowa\u0107 lub usuwa\u0107 swoje informacje osobiste w dowolnym momencie (z wyj\u0105tkiem zmiany nazwy u\u017cytkownika). Administratorzy strony mog\u0105 r\u00f3wnie\u017c widzie\u0107 i edytowa\u0107 te informacje.<\/p>\r\n<p>&nbsp;<\/p>\r\n<p><strong>Jakie prawa masz w stosunku do swoich danych<\/strong><\/p>\r\n<p>Je\u015bli masz konto na tej stronie lub zostawi\u0142e\u015b komentarze, mo\u017cesz poprosi\u0107 o otrzymanie wyeksportowanego pliku z danymi osobowymi, kt\u00f3re przechowujemy na Tw\u00f3j temat, w tym wszelkie dane, kt\u00f3re nam dostarczy\u0142e\u015b. Mo\u017cesz r\u00f3wnie\u017c poprosi\u0107, aby\u015bmy usun\u0119li wszelkie dane osobowe, kt\u00f3re przechowujemy na Tw\u00f3j temat. Nie dotyczy to \u017cadnych danych, kt\u00f3re jeste\u015bmy zobowi\u0105zani przechowywa\u0107 w celach administracyjnych, prawnych lub bezpiecze\u0144stwa.<\/p>\r\n<p><strong>Dok\u0105d wysy\u0142amy twoje dane<\/strong><\/p>\r\n<p>Komentarze odwiedzaj\u0105cych mog\u0105 by\u0107 sprawdzane za pomoc\u0105 automatycznej us\u0142ugi wykrywania spamu.<\/p>\r\n","protected":false},"excerpt":{"rendered":"<p>Kim jeste\u015bmy Nasz adres strony internetowej to: https:\/\/ali.homeswitch.pl. Komentarze Gdy odwiedzaj\u0105cy zostawiaj\u0105 komentarze na stronie, zbieramy dane wy\u015bwietlane w formularzu komentarza, a tak\u017ce adres IP odwiedzaj\u0105cego i ci\u0105g agenta u\u017cytkownika przegl\u0105darki w celu wykrywania spamu. Zanonimizowany ci\u0105g stworzony z Twojego adresu e-mail (nazywany r\u00f3wnie\u017c hashem) mo\u017ce by\u0107 dostarczony do us\u0142ugi Gravatar, aby sprawdzi\u0107, czy z [&hellip;]<\/p>\n","protected":false},"author":1,"featured_media":0,"parent":0,"menu_order":0,"comment_status":"closed","ping_status":"open","template":"","meta":{"footnotes":""},"class_list":["post-3","page","type-page","status-publish","hentry"],"_links":{"self":[{"href":"https:\/\/ali.homeswitch.pl\/index.php?rest_route=\/wp\/v2\/pages\/3","targetHints":{"allow":["GET"]}}],"collection":[{"href":"https:\/\/ali.homeswitch.pl\/index.php?rest_route=\/wp\/v2\/pages"}],"about":[{"href":"https:\/\/ali.homeswitch.pl\/index.php?rest_route=\/wp\/v2\/types\/page"}],"author":[{"embeddable":true,"href":"https:\/\/ali.homeswitch.pl\/index.php?rest_route=\/wp\/v2\/users\/1"}],"replies":[{"embeddable":true,"href":"https:\/\/ali.homeswitch.pl\/index.php?rest_route=%2Fwp%2Fv2%2Fcomments&post=3"}],"version-history":[{"count":2,"href":"https:\/\/ali.homeswitch.pl\/index.php?rest_route=\/wp\/v2\/pages\/3\/revisions"}],"predecessor-version":[{"id":957,"href":"https:\/\/ali.homeswitch.pl\/index.php?rest_route=\/wp\/v2\/pages\/3\/revisions\/957"}],"wp:attachment":[{"href":"https:\/\/ali.homeswitch.pl\/index.php?rest_route=%2Fwp%2Fv2%2Fmedia&parent=3"}],"curies":[{"name":"wp","href":"https:\/\/api.w.org\/{rel}","templated":true}]}}